{"id":20,"date":"2019-10-19T21:11:54","date_gmt":"2019-10-19T19:11:54","guid":{"rendered":"http:\/\/www.wp-projekt-roz.generalcube.com\/?page_id=20"},"modified":"2019-10-19T21:11:54","modified_gmt":"2019-10-19T19:11:54","slug":"wesprzyj-nas","status":"publish","type":"page","link":"https:\/\/projektroz.unitunicorn.com\/?page_id=20","title":{"rendered":"[:en]Support Us[:pl]Wesprzyj nas[:]"},"content":{"rendered":"[:en]\n<p>In every large and small foster family, family orphanage, family-type care and education facility, something is needed every now and then. We try to deal with it ourselves, but there are activities, things that many people can help us with. It makes our lives easier, helps us to operate more efficiently, more and at a higher level. Thanks to this, we know that we are not alone, that someone thinks about us wisely.<br><br>About us &#8211; means &#8211; about children who live with us and, like all children, they have their own needs and dreams.<br><\/p>\n\n\n\n<p>About us &#8211; means &#8211; about carers who also need care, support, noticing. We are not able to do everything ourselves.<\/p>\n\n\n\n<p><span style=\"color:#851814\" class=\"has-inline-color\"><em>The best example of how you can help is the website of the PROJEKT ROZ Foundation where you are. Because you can share what you have, what you can do, what makes the giver and the recipient happy. And this website was created precisely because one person wanted to share his passion, work, ideas and time with us. Thanks to this, you can find out what foster care is, what foster carers are dealing with, why we take care of the children entrusted to us and how we do it.<\/em><\/span><\/p>\n\n\n\n<p>See what we needed, what we need now. Note that such needs may have a Foster Family in the neighborhood. Help her. Ask directly how you can do this. Helping is fun when it&#8217;s smart.<\/p>\n[:pl]\n<figure class=\"wp-block-image size-thumbnail is-resized\"><img loading=\"lazy\" decoding=\"async\" src=\"https:\/\/projektroz.pl\/wp-content\/uploads\/2024\/10\/34638489_1653444628086658_5454929261322305536_o-150x150.jpg\" alt=\"\" class=\"wp-image-9942\" width=\"156\" height=\"156\"\/><figcaption class=\"wp-element-caption\">jeszcze stodo\u0142a &#8211; wesprzyj jej remont<\/figcaption><\/figure>\n\n\n<p>WESPRZYJ NAS &#8211; jak (?) &#8211; to zale\u017cy od Ciebie i od kontaktu z nami. Zr\u00f3b to rozs\u0105dnie.\u00a0<\/p>\n<p><span style=\"font-family: 'Aptos',sans-serif; mso-ascii-theme-font: minor-latin; mso-hansi-theme-font: minor-latin;\">Zastanawiacie si\u0119 jak nam pom\u00f3c?<\/span><\/p>\n<p><!-- \/wp:post-content --><!-- wp:paragraph --><\/p>\n<p><span style=\"font-family: 'Aptos',sans-serif; mso-ascii-theme-font: minor-latin; mso-hansi-theme-font: minor-latin;\">Odbieram czasem kilka telefon\u00f3w dziennie i pytacie o to. To znaczy, \u017ce zastanawiacie si\u0119.<\/span><\/p>\n<p><!-- \/wp:paragraph --><!-- wp:paragraph --><\/p>\n<p><span style=\"font-family: 'Aptos',sans-serif; mso-ascii-theme-font: minor-latin; mso-hansi-theme-font: minor-latin;\">Ka\u017cdy mo\u017ce pom\u00f3c, w spos\u00f3b jaki uzna za najbardziej dla siebie dogodny. W pomaganie mo\u017cna si\u0119 zaanga\u017cowa\u0107 osobi\u015bcie, mo\u017cna finansowo przekazuj\u0105\u0107 darowizn\u0119 na cele statutowe, mo\u017cna te\u017c <a href=\"https:\/\/ubraniadooddania.pl\/campaigns\/2399\">przekaza\u0107<\/a> konkretne przedmioty.<\/span><\/p>\n<h3 style=\"padding-left: 80px;\">Pomaganie jest fajnie, kiedy jest m\u0105dre.<\/h3>\n<p>Jest m\u0105dre kiedy \u201ew pomaganiu\u201d nie my\u015blisz o sobie, ale o innych, w tym przypadku o nas.<\/p>\n<p class=\"MsoNormal\"><strong>O nas<\/strong> \u2013 oznacza \u2013 <strong>o dzieciach<\/strong>, kt\u00f3re wraz z nami mieszkaj\u0105 i jak wszystkie dzieci maj\u0105 swoje nie tylko potrzeby, ale i marzenia. Te wi\u0119ksze to kursy na prawo jazdy.<\/p>\n<p class=\"MsoNormal\"><strong>O nas<\/strong> \u2013 oznacza \u2013 <strong>o opiekunach<\/strong>, kt\u00f3rzy r\u00f3wnie\u017c potrzebuj\u0105 opieki, wsparcia, zauwa\u017cenia. Nie wszystko potrafimy zrobi\u0107, osi\u0105gn\u0105\u0107 sami. A has\u0142o Fundacji &#8211; \u201eZAOPIEKUJ SI\u0118 OPIEKUNEM\u201d \u2013 realizujemy ju\u017c od 12 lat, na rzecz helper\u00f3w z ca\u0142ej Polski.<\/p>\n<p class=\"MsoNormal\"><em>Najlepszym przyk\u0142adem jak mo\u017cna pomaga\u0107, jest strona Fundacji PROJEKT ROZ na kt\u00f3rej w\u0142a\u015bnie jeste\u015b. Bo dzieli\u0107 si\u0119 mo\u017cna tym co si\u0119 ma, co potrafi si\u0119 robi\u0107, co sprawia rado\u015b\u0107 daruj\u0105cym i obdarowywanym. A ta strona powsta\u0142a w\u0142a\u015bnie dzi\u0119ki temu, \u017ce jeden cz\u0142owiek, zechcia\u0142 podzieli\u0107 si\u0119 z nami swoj\u0105, pasj\u0105, prac\u0105, pomys\u0142ami, czasem. Dzi\u0119ki temu mo\u017cesz si\u0119 dowiedzie\u0107, czym jest piecza zast\u0119pcza, z czym radz\u0105 sobie opiekunowie zast\u0119pczy, dlaczego zajmujemy si\u0119 powierzonymi nam dzie\u0107mi i jak to robimy.<\/em><\/p>\n<h3 class=\"MsoNormal\" style=\"padding-left: 80px;\">Mamy sporo marze\u0144.<\/h3>\n<p class=\"MsoNormal\">Jedno z nich jest wielkie. <span style=\"color: #800000;\"><strong>Marzymy o stworzeniu w pewnej stodole (zobacz zdj\u0119cie) miejsca, w kt\u00f3rym opiekunowie naucz\u0105 si\u0119 jak dba\u0107 o siebie, \u017ceby mogli spokojniej, d\u0142u\u017cej, lepiej pomaga\u0107 innym.<\/strong><\/span> <br \/>Pomo\u017cesz nam?<br \/>Wesprzyj nas!\u00a0<br \/>Mo\u017ce jeste\u015b w\u0142a\u015bciw\u0105 osob\u0105, kt\u00f3ra potrafi zrobi\u0107 pierwsz\u0105 wizualizacj\u0119 takiego miejsca? Dzi\u0119ki temu zaczniemy poszukiwa\u0107 g\u0142\u00f3wnego inwestora. A mo\u017ce jeste\u015b osob\u0105\/firm\u0105, kt\u00f3ra pomo\u017ce nam przeprowadzi\u0107 remont, albo wesprze\u0107 nas w tym finansowo?<\/p>\n<p class=\"MsoNormal\">Pomy\u015bl i zacznij dzia\u0142a\u0107.<\/p>\n<p>&#8212;&#8212;&#8212;&#8212;&#8212;&#8212;&#8212;&#8212;&#8212;&#8212;&#8212;&#8212;-<\/p>\n\n<!-- wp:paragraph -->\n<p><a href=\"https:\/\/projektroz.pl\/programy-i-projekty\" target=\"_blank\" rel=\"noreferrer noopener\">Co robimy?<\/a> <br>Kt\u00f3re dzia\u0142ania chcemy kontynuowa\u0107?<br>Dwa s\u0105 dla nas priorytetowe. <br>Pierwsze &#8211; <a href=\"https:\/\/projektroz.pl\/programy-i-projekty\/life-coaching-dla-opiekunow\" target=\"_blank\" rel=\"noreferrer noopener\">Life Coaching dla opiekun\u00f3w<\/a> i drugie  &#8211; <a href=\"https:\/\/projektroz.pl\/programy-i-projekty\/opowiesci-nierodzicow\" target=\"_blank\" rel=\"noreferrer noopener\">Opowie\u015bci Nierodzic\u00f3w(?)<\/a><\/p>\n<!-- \/wp:paragraph -->\n\n<!-- wp:paragraph -->\n<p><\/p>\n<!-- \/wp:paragraph -->\n\n<!-- wp:paragraph -->\n<p><\/p>\n<!-- \/wp:paragraph -->\n\n<!-- wp:paragraph -->\n<p><\/p>\n<!-- \/wp:paragraph -->[:]","protected":false},"excerpt":{"rendered":"<p>[:en] In every large and small foster family, family orphanage, family-type care and education facility, something is needed every now and then. We try to deal with it ourselves, but there are activities, things that many people can help us with. It makes our lives easier, helps us to operate more efficiently, more and at [&hellip;]<\/p>\n","protected":false},"author":2,"featured_media":0,"parent":0,"menu_order":0,"comment_status":"closed","ping_status":"closed","template":"","meta":{"footnotes":""},"class_list":["post-20","page","type-page","status-publish","hentry"],"_links":{"self":[{"href":"https:\/\/projektroz.unitunicorn.com\/index.php?rest_route=\/wp\/v2\/pages\/20","targetHints":{"allow":["GET"]}}],"collection":[{"href":"https:\/\/projektroz.unitunicorn.com\/index.php?rest_route=\/wp\/v2\/pages"}],"about":[{"href":"https:\/\/projektroz.unitunicorn.com\/index.php?rest_route=\/wp\/v2\/types\/page"}],"author":[{"embeddable":true,"href":"https:\/\/projektroz.unitunicorn.com\/index.php?rest_route=\/wp\/v2\/users\/2"}],"replies":[{"embeddable":true,"href":"https:\/\/projektroz.unitunicorn.com\/index.php?rest_route=%2Fwp%2Fv2%2Fcomments&post=20"}],"version-history":[{"count":0,"href":"https:\/\/projektroz.unitunicorn.com\/index.php?rest_route=\/wp\/v2\/pages\/20\/revisions"}],"wp:attachment":[{"href":"https:\/\/projektroz.unitunicorn.com\/index.php?rest_route=%2Fwp%2Fv2%2Fmedia&parent=20"}],"curies":[{"name":"wp","href":"https:\/\/api.w.org\/{rel}","templated":true}]}}